[INFO] fetching crate double-ratchet 0.1.0...
[INFO] checking double-ratchet-0.1.0 against master#af3c6e733a40e671550e0f0f5aeecaa13772ba56 for pr-74989
[INFO] extracting crate double-ratchet 0.1.0 into /workspace/builds/worker-4/source
[INFO] validating manifest of crates.io crate double-ratchet 0.1.0 on toolchain af3c6e733a40e671550e0f0f5aeecaa13772ba56
[INFO] running `Command { std: "/workspace/cargo-home/bin/cargo" "+af3c6e733a40e671550e0f0f5aeecaa13772ba56" "read-manifest" "--manifest-path" "Cargo.toml", kill_on_drop: false }`
[INFO] started tweaking crates.io crate double-ratchet 0.1.0
[INFO] finished tweaking crates.io crate double-ratchet 0.1.0
[INFO] tweaked toml for crates.io crate double-ratchet 0.1.0 written to /workspace/builds/worker-4/source/Cargo.toml
[INFO] running `Command { std: "/workspace/cargo-home/bin/cargo" "+af3c6e733a40e671550e0f0f5aeecaa13772ba56" "generate-lockfile" "--manifest-path" "Cargo.toml" "-Zno-index-update", kill_on_drop: false }`
[INFO] running `Command { std: "/workspace/cargo-home/bin/cargo" "+af3c6e733a40e671550e0f0f5aeecaa13772ba56" "fetch" "--locked" "--manifest-path" "Cargo.toml", kill_on_drop: false }`
[INFO] running `Command { std: "docker" "create" "-v" "/var/lib/crater-agent-workspace/builds/worker-4/target:/opt/rustwide/target:rw,Z" "-v" "/var/lib/crater-agent-workspace/builds/worker-4/source:/opt/rustwide/workdir:ro,Z" "-v" "/var/lib/crater-agent-workspace/cargo-home:/opt/rustwide/cargo-home:ro,Z" "-v" "/var/lib/crater-agent-workspace/rustup-home:/opt/rustwide/rustup-home:ro,Z" "-e" "SOURCE_DIR=/opt/rustwide/workdir" "-e" "CARGO_TARGET_DIR=/opt/rustwide/target" "-e" "CARGO_HOME=/opt/rustwide/cargo-home" "-e" "RUSTUP_HOME=/opt/rustwide/rustup-home" "-w" "/opt/rustwide/workdir" "-m" "1610612736" "--user" "0:0" "--network" "none" "rustops/crates-build-env@sha256:d92eaeed33fa75130ca1ee6c8a01d1ffb62bac859dfdfb3450e3e5d1c0146529" "/opt/rustwide/cargo-home/bin/cargo" "+af3c6e733a40e671550e0f0f5aeecaa13772ba56" "metadata" "--no-deps" "--format-version=1", kill_on_drop: false }`
[INFO] [stdout] 13c68ba15493ee0bbbbb8bee66f70a0a5be6fdcfd6ae7669750e3376bb6a0799
[INFO] [stderr] WARNING: Your kernel does not support swap limit capabilities or the cgroup is not mounted. Memory limited without swap.
[INFO] running `Command { std: "docker" "start" "-a" "13c68ba15493ee0bbbbb8bee66f70a0a5be6fdcfd6ae7669750e3376bb6a0799", kill_on_drop: false }`
[INFO] running `Command { std: "docker" "inspect" "13c68ba15493ee0bbbbb8bee66f70a0a5be6fdcfd6ae7669750e3376bb6a0799", kill_on_drop: false }`
[INFO] running `Command { std: "docker" "rm" "-f" "13c68ba15493ee0bbbbb8bee66f70a0a5be6fdcfd6ae7669750e3376bb6a0799", kill_on_drop: false }`
[INFO] [stdout] 13c68ba15493ee0bbbbb8bee66f70a0a5be6fdcfd6ae7669750e3376bb6a0799
[INFO] running `Command { std: "docker" "create" "-v" "/var/lib/crater-agent-workspace/builds/worker-4/target:/opt/rustwide/target:rw,Z" "-v" "/var/lib/crater-agent-workspace/builds/worker-4/source:/opt/rustwide/workdir:ro,Z" "-v" "/var/lib/crater-agent-workspace/cargo-home:/opt/rustwide/cargo-home:ro,Z" "-v" "/var/lib/crater-agent-workspace/rustup-home:/opt/rustwide/rustup-home:ro,Z" "-e" "SOURCE_DIR=/opt/rustwide/workdir" "-e" "CARGO_TARGET_DIR=/opt/rustwide/target" "-e" "CARGO_INCREMENTAL=0" "-e" "RUST_BACKTRACE=full" "-e" "RUSTFLAGS=--cap-lints=forbid" "-e" "CARGO_HOME=/opt/rustwide/cargo-home" "-e" "RUSTUP_HOME=/opt/rustwide/rustup-home" "-w" "/opt/rustwide/workdir" "-m" "1610612736" "--user" "0:0" "--network" "none" "rustops/crates-build-env@sha256:d92eaeed33fa75130ca1ee6c8a01d1ffb62bac859dfdfb3450e3e5d1c0146529" "/opt/rustwide/cargo-home/bin/cargo" "+af3c6e733a40e671550e0f0f5aeecaa13772ba56" "check" "--frozen" "--all" "--all-targets" "--message-format=json", kill_on_drop: false }`
[INFO] [stdout] b6a0544f5f1a2da004322cbd0aca4f8f21833ac3924109f57b61036d4f5ab767
[INFO] [stderr] WARNING: Your kernel does not support swap limit capabilities or the cgroup is not mounted. Memory limited without swap.
[INFO] running `Command { std: "docker" "start" "-a" "b6a0544f5f1a2da004322cbd0aca4f8f21833ac3924109f57b61036d4f5ab767", kill_on_drop: false }`
[INFO] [stderr]    Compiling byteorder v1.3.4
[INFO] [stderr]    Compiling cc v1.0.59
[INFO] [stderr]     Checking rand_core v0.4.2
[INFO] [stderr]     Checking byte-tools v0.3.1
[INFO] [stderr]    Compiling subtle v2.3.0
[INFO] [stderr]     Checking opaque-debug v0.2.3
[INFO] [stderr]    Compiling libc v0.2.77
[INFO] [stderr]     Checking fake-simd v0.1.2
[INFO] [stderr]    Compiling typenum v1.12.0
[INFO] [stderr]     Checking digest v0.8.1
[INFO] [stderr]     Checking block-cipher-trait v0.6.2
[INFO] [stderr]     Checking crypto-mac v0.7.0
[INFO] [stderr]     Checking block-padding v0.1.5
[INFO] [stderr]     Checking hmac v0.7.1
[INFO] [stderr]     Checking rand_core v0.3.1
[INFO] [stderr]     Checking double-ratchet v0.1.0 (/opt/rustwide/workdir)
[INFO] [stderr]     Checking block-modes v0.3.3
[INFO] [stderr]     Checking hkdf v0.7.1
[INFO] [stderr]     Checking block-buffer v0.7.3
[INFO] [stderr]     Checking aes-soft v0.3.3
[INFO] [stderr]    Compiling generic-array v0.12.3
[INFO] [stderr]     Checking sha2 v0.8.2
[INFO] [stderr]     Checking aes v0.3.2
[INFO] [stderr]    Compiling clear_on_drop v0.2.4
[INFO] [stderr]     Checking rand_os v0.1.3
[INFO] [stderr]    Compiling curve25519-dalek v1.2.4
[INFO] [stderr]     Checking x25519-dalek v0.5.2
[INFO] [stdout] error[E0433]: failed to resolve: use of undeclared type or module `mock`
[INFO] [stdout]    --> src/dr.rs:801:29
[INFO] [stdout]     |
[INFO] [stdout] 801 |     type DR = DoubleRatchet<mock::CryptoProvider>;
[INFO] [stdout]     |                             ^^^^ use of undeclared type or module `mock`
[INFO] [stdout] 
[INFO] [stdout] 
[INFO] [stdout] error[E0433]: failed to resolve: use of undeclared type or module `mock`
[INFO] [stdout]    --> src/dr.rs:803:35
[INFO] [stdout]     |
[INFO] [stdout] 803 |     fn asymmetric_setup(rng: &mut mock::Rng) -> (DR, DR) {
[INFO] [stdout]     |                                   ^^^^ use of undeclared type or module `mock`
[INFO] [stdout] 
[INFO] [stdout] 
[INFO] [stdout] error[E0433]: failed to resolve: use of undeclared type or module `mock`
[INFO] [stdout]    --> src/dr.rs:812:34
[INFO] [stdout]     |
[INFO] [stdout] 812 |     fn symmetric_setup(rng: &mut mock::Rng) -> (DR, DR) {
[INFO] [stdout]     |                                  ^^^^ use of undeclared type or module `mock`
[INFO] [stdout] 
[INFO] [stdout] 
[INFO] [stdout] error[E0433]: failed to resolve: use of undeclared type or module `mock`
[INFO] [stdout]    --> src/dr.rs:824:23
[INFO] [stdout]     |
[INFO] [stdout] 824 |         let mut rng = mock::Rng::default();
[INFO] [stdout]     |                       ^^^^ use of undeclared type or module `mock`
[INFO] [stdout] 
[INFO] [stdout] 
[INFO] [stdout] error[E0433]: failed to resolve: use of undeclared type or module `mock`
[INFO] [stdout]    --> src/dr.rs:850:23
[INFO] [stdout]     |
[INFO] [stdout] 850 |         let mut rng = mock::Rng::default();
[INFO] [stdout]     |                       ^^^^ use of undeclared type or module `mock`
[INFO] [stdout] 
[INFO] [stdout] 
[INFO] [stdout] error[E0433]: failed to resolve: use of undeclared type or module `mock`
[INFO] [stdout]    --> src/dr.rs:870:23
[INFO] [stdout]     |
[INFO] [stdout] 870 |         let mut rng = mock::Rng::default();
[INFO] [stdout]     |                       ^^^^ use of undeclared type or module `mock`
[INFO] [stdout] 
[INFO] [stdout] 
[INFO] [stdout] error[E0433]: failed to resolve: use of undeclared type or module `mock`
[INFO] [stdout]    --> src/dr.rs:911:23
[INFO] [stdout]     |
[INFO] [stdout] 911 |         let mut rng = mock::Rng::default();
[INFO] [stdout]     |                       ^^^^ use of undeclared type or module `mock`
[INFO] [stdout] 
[INFO] [stdout] 
[INFO] [stdout] error[E0433]: failed to resolve: use of undeclared type or module `mock`
[INFO] [stdout]    --> src/dr.rs:963:23
[INFO] [stdout]     |
[INFO] [stdout] 963 |         let mut rng = mock::Rng::default();
[INFO] [stdout]     |                       ^^^^ use of undeclared type or module `mock`
[INFO] [stdout] 
[INFO] [stdout] 
[INFO] [stdout] error[E0433]: failed to resolve: use of undeclared type or module `mock`
[INFO] [stdout]    --> src/dr.rs:975:23
[INFO] [stdout]     |
[INFO] [stdout] 975 |         let mut rng = mock::Rng::default();
[INFO] [stdout]     |                       ^^^^ use of undeclared type or module `mock`
[INFO] [stdout] 
[INFO] [stdout] 
[INFO] [stdout] error[E0433]: failed to resolve: use of undeclared type or module `mock`
[INFO] [stdout]     --> src/dr.rs:1045:23
[INFO] [stdout]      |
[INFO] [stdout] 1045 |         let mut rng = mock::Rng::default();
[INFO] [stdout]      |                       ^^^^ use of undeclared type or module `mock`
[INFO] [stdout] 
[INFO] [stdout] 
[INFO] [stdout] error[E0433]: failed to resolve: use of undeclared type or module `mock`
[INFO] [stdout]     --> src/dr.rs:1069:23
[INFO] [stdout]      |
[INFO] [stdout] 1069 |         let mut rng = mock::Rng::default();
[INFO] [stdout]      |                       ^^^^ use of undeclared type or module `mock`
[INFO] [stdout] 
[INFO] [stdout] 
[INFO] [stdout] error[E0433]: failed to resolve: use of undeclared type or module `mock`
[INFO] [stdout]     --> src/dr.rs:1084:23
[INFO] [stdout]      |
[INFO] [stdout] 1084 |         let mut rng = mock::Rng::default();
[INFO] [stdout]      |                       ^^^^ use of undeclared type or module `mock`
[INFO] [stdout] 
[INFO] [stdout] 
[INFO] [stdout] error[E0433]: failed to resolve: use of undeclared type or module `mock`
[INFO] [stdout]     --> src/dr.rs:1108:23
[INFO] [stdout]      |
[INFO] [stdout] 1108 |         let mut rng = mock::Rng::default();
[INFO] [stdout]      |                       ^^^^ use of undeclared type or module `mock`
[INFO] [stdout] 
[INFO] [stdout] 
[INFO] [stdout] error[E0433]: failed to resolve: use of undeclared type or module `mock`
[INFO] [stdout]     --> src/dr.rs:1135:23
[INFO] [stdout]      |
[INFO] [stdout] 1135 |         let mut rng = mock::Rng::default();
[INFO] [stdout]      |                       ^^^^ use of undeclared type or module `mock`
[INFO] [stdout] 
[INFO] [stdout] 
[INFO] [stdout] error[E0433]: failed to resolve: use of undeclared type or module `mock`
[INFO] [stdout]    --> src/dr.rs:805:26
[INFO] [stdout]     |
[INFO] [stdout] 805 |         let pair = mock::KeyPair::new(rng);
[INFO] [stdout]     |                          ^^^^^^^ not found in `mock`
[INFO] [stdout]     |
[INFO] [stdout] help: consider importing this trait
[INFO] [stdout]     |
[INFO] [stdout] 799 |     use crate::KeyPair;
[INFO] [stdout]     |
[INFO] [stdout] 
[INFO] [stdout] 
[INFO] [stdout] error[E0433]: failed to resolve: use of undeclared type or module `mock`
[INFO] [stdout]    --> src/dr.rs:815:26
[INFO] [stdout]     |
[INFO] [stdout] 815 |         let pair = mock::KeyPair::new(rng);
[INFO] [stdout]     |                          ^^^^^^^ not found in `mock`
[INFO] [stdout]     |
[INFO] [stdout] help: consider importing this trait
[INFO] [stdout]     |
[INFO] [stdout] 799 |     use crate::KeyPair;
[INFO] [stdout]     |
[INFO] [stdout] 
[INFO] [stdout] 
[INFO] [stdout] error: aborting due to 16 previous errors
[INFO] [stdout] 
[INFO] [stdout] 
[INFO] [stdout] For more information about this error, try `rustc --explain E0433`.
[INFO] [stdout] 
[INFO] [stderr] error: could not compile `double-ratchet`.
[INFO] [stderr] 
[INFO] [stderr] To learn more, run the command again with --verbose.
[INFO] running `Command { std: "docker" "inspect" "b6a0544f5f1a2da004322cbd0aca4f8f21833ac3924109f57b61036d4f5ab767", kill_on_drop: false }`
[INFO] running `Command { std: "docker" "rm" "-f" "b6a0544f5f1a2da004322cbd0aca4f8f21833ac3924109f57b61036d4f5ab767", kill_on_drop: false }`
[INFO] [stdout] b6a0544f5f1a2da004322cbd0aca4f8f21833ac3924109f57b61036d4f5ab767
